Let z = g + -198. Calculate the remainder when z is divided by 44.
41
Let p = -181 + 182. Let w(s) = -22*s + 31. What is the remainder when 411 is divided by w(p)?
6
Suppose 933 + 9480 = -1443*t + 1532*t. Let d = -9 + -1. Calculate the remainder when t is divided by (-5)/(d/56) + 2.
27
Let l(z) = -35*z - 19. Let n be l(-5). Suppose -3*h + 254 + n = 5*y, -h = -2*y + 153. Let v = -53 + y. What is the remainder when v is divided by 4?
2
Let k(n) = 13*n**2 + 2*n - 5. Let i(q) = 17*q - 113. Let f be i(7). Suppose 9*m + f = 168. What is the remainder when k(-4) is divided by m?
15
Suppose 0 = -2*z - x + 41, x + 97 = 5*z - 2*x. Let l be -64*3*(-45)/z. Suppose l = 2*d + 6*d. What is the remainder when d is divided by 28?
26
Suppose 0 = 4*h - 2*n - 188, 4*h - 32*n - 188 = -27*n. What is the remainder when 313 is divided by h?
31
Let b = 4041 - 706. Calculate the remainder when b is divided by 159.
155
Let y be (10/20)/((-5)/30). What is the remainder when (y*16/(-20))/((-2)/(-150)) is divided by 26?
24
Suppose -3*i + 0*i = -5*d + 818, 0 = d + i - 170. Let u = d + -156. Calculate the remainder when 389 is divided by u.
9
Suppose -2*u - 158*n + 159*n = -14918, 3*n + 37296 = 5*u. Calculate the remainder when u is divided by 9.
6
Calculate the remainder when 18*(12/16 - 5151/(-36)) + -6 is divided by 19.
18
Let v(c) = 11*c**2 - 10*c - 46. Let l be v(-9). Suppose -l = 16*y - 2887. What is the remainder when y is divided by 26?
18
Let d(t) = -t**3 + 10*t**2 - 12*t + 10. Let o be d(8). Suppose 7*g + o = 196. Suppose 10 = 5*l, 2*l - 2 - g = -y. What is the remainder when y is divided by 11?
9
Suppose -4*l = -2*t - 18, 3*t - 2*t - 1 = -3*l. Suppose 0 = -l*u - 8*u + 520. What is the remainder when u is divided by 16?
4
Suppose 15 = 4*k + 87. Calculate the remainder when 48*((-14)/(-63) - 20/k) is divided by 11.
9
Let k(p) = -11*p + p**2 + 27*p - 59 - 8*p - 9*p. Let a be k(0). Let l = a + 82. Calculate the remainder when 43 is divided by l.
20
Suppose 0 = -3*u - 0*u + 6. Suppose 102 = 2*f - 0*h + 4*h, u*f - 102 = h. Suppose -47*x - 825 = -3*x - 119*x. What is the remainder when f is divided by x?
7
What is the remainder when -5*(-16 + 21 + (-322)/5) is divided by 61?
53
Let u = 295 - 301. Let i(z) = -z**3 - z**2 - 10*z - 14. What is the remainder when i(u) is divided by 38?
36
Let v be (-4)/6*(-1254)/4. Let m = -201 + v. Calculate the remainder when 25 is divided by m.
1
Let i be 2 + -4 + ((-10)/2)/(-1). What is the remainder when 85 is divided by ((-6)/10 + 0)*(i - 53)?
25
Calculate the remainder when 86 is divided by (-6*(-11)/(-66))/((-3)/141).
39
Let c = 6483 - 6476. Calculate the remainder when 50 is divided by c.
1
Let n(r) = -101*r + 43. Calculate the remainder when n(-2) is divided by -6 - 53/(-1) - -3.
45
Let r(c) = -c**3 - 14*c**2 - 10*c + 95. What is the remainder when 933 is divided by r(-14)?
228
Let w(q) = q**2 - 4*q + 4. Let c(z) = z**3 + 7*z**2 + 4*z - 11. Let n = 309 + -314. Calculate the remainder when c(n) is divided by w(4).
3
Let d(s) = -2*s + 5. Suppose -5 = y + 2. Suppose 9*b = 9 + 1161. What is the remainder when b is divided by d(y)?
16
Let j(n) = -n + 5. Let y be j(4). Suppose 5*r + 7 = 2*h - 16, -r = y. Suppose -19*z = -873 + 398. Calculate the remainder when z is divided by h.
7
Let o = 127 - 115. Suppose -1207 - 89 = -54*s. What is the remainder when s is divided by o?
0
Suppose 10*l + 31*l - 10*l = 248. Suppose -2*n = 1 + 7. What is the remainder when n/20 + 192/10 is divided by l?
3
Let b(d) = -3*d**3 + d**2 + d - 1. Let w be b(1). Let l(s) = 106*s - 2. Let i be l(w). Calculate the remainder when i/(-9) - (-6)/27 is divided by 5.
4
Let t(s) = s**2 - 9*s + 24. Suppose 3*o - 2*o = 123. Calculate the remainder when o is divided by t(5).
3
What is the remainder when 1252/10*(-6)/(-18)*180/24 is divided by 35?
33
Suppose 0 = 6*d - 5*d - 495. Let i = 1653 - 1646. Calculate the remainder when d is divided by i.
5
Let m = -12566 + 12674. What is the remainder when m is divided by 6*2 + -4 + 3?
9
Let u be ((-52)/91)/(1/(-7)). Let s(c) = 2*c**2 - 9*c + 19. Calculate the remainder when s(u) is divided by 8.
7
Let n be (-42)/(-63) + (-352)/(-3) + -1. Let k = -116 + n. What is the remainder when 15 is divided by k?
0
What is the remainder when (12/10)/(1/50) is divided by 1*(28/((-1596)/(-95)) + (-128)/(-6))?
14
Suppose 5*y - 5*d = 1830, d - 896 - 916 = -5*y. Calculate the remainder when y is divided by 333.
30
Suppose 7*v = 20 + 197. Let z be (-4 + v/4)/(2/56). Suppose -20*r + z = -13*r. Calculate the remainder when 57 is divided by r.
12
Suppose -2*x - r - 2*r + 332 = 0, 3*x = -3*r + 492. Suppose v = 2*n + 45, 5*v + n = -2*n + x. What is the remainder when 88 is divided by v?
18
Let p(a) = -5*a**2 + 294*a - 155. What is the remainder when 251 is divided by p(58)?
20
Let t(g) = -22 + 3 - 72 - 70 + 29*g. What is the remainder when 18 is divided by t(6)?
5
Let j(h) be the first derivative of h**2/2 + 17*h - 9. Let p be j(-14). Suppose 0 = p*v - 0*v - 27. Calculate the remainder when 17 is divided by v.
8
Let v be ((0/4)/2)/(-2). Let h = -20 - -29. Suppose -3*r + h*r - 42 = v. Calculate the remainder when 39 is divided by r.
4
Let q(j) = -j + 20. Let v be q(20). Suppose -u - 5*l = -11, -l + 3*l = v. Calculate the remainder when 64 is divided by u.
9
Suppose -2*o + 2 = -o. Suppose 18 + 84 = o*d. Suppose 4*k + 0 = 108. Calculate the remainder when d is divided by k.
24
Suppose -28*u + 1515 = -2013. Suppose -3*o = 3*r - u, -o = r + 2*r - 126. What is the remainder when 72 is divided by r?
30
Let a = -14902 + 14936. Calculate the remainder when 7716 is divided by a.
32
Suppose 5655 = 14*w + 27. Suppose 0 = 5*p - j - 406, 9*p - 3*j + w = 14*p. What is the remainder when p is divided by 40?
1
Suppose 5*h - 16 - 4 = 0. What is the remainder when (-1)/((-220)/209 + (-1 - -2)) is divided by h - -1*(4 - 2)?
1
Suppose 0 = 7*t - 726 - 597. Let f = t - 142. Calculate the remainder when f is divided by 6.
5
Let i(c) = c**3 - c**2 - c - 4. Let y(t) = 5*t**3 - 21*t**2 - 28*t - 17. Let x(g) = 6*i(g) - y(g). What is the remainder when 539 is divided by x(-13)?
44
Suppose 2*p - 153 + 67 = n, 0 = -7*p - n + 346. What is the remainder when p is divided by (-23)/((0 - 2)/2)?
2
Suppose -2*j + 216 = -424*r + 421*r, 0 = 3*j - 3*r - 333. Let k(s) = -s**3 - 2*s**2 + 6*s - 3. Calculate the remainder when j is divided by k(-5).
33
Let h = -18903 - -24544. Calculate the remainder when h is divided by 3.
1
What is the remainder when 12797 is divided by 15/((-135)/(-717)) - 3/(-9)?
77
Let y(r) = -r - 2. Suppose -2*x = 3*l + 7, 3*l - 23 = 6*l - 2*x. Let h be y(l). What is the remainder when (-4 + 4 - -54) + h is divided by 20?
17
Let y(v) be the first derivative of 2*v**3/3 + 18*v**2 - v + 14. Let c be y(-18). Let o(x) = -36*x + 4. Calculate the remainder when o(c) is divided by 24.
16
Let b = -158 - -234. Let z(u) = 1502*u + 12049. What is the remainder when b is divided by z(-8)?
10
Let f = 101 - 72. Let p(g) = -g**3 + 9*g**2 - 108*g + 595. What is the remainder when p(6) is divided by f?
26
Suppose -4*g - 3 = 3*s - 17, 0 = -3*g + 3*s + 21. Let y(i) = 2*i**3 - 3*i**2 - 13*i - 22. Calculate the remainder when y(g) is divided by 9.
7
Let g be 28022/12 - (1 - 4)/(-18). Suppose -12*v - 655 + g = 0. Suppose -v = -5*t + 5*m, 5*m = -2*t - 0*m + 28. Calculate the remainder when t is divided by 5.
4
Let v(s) = -188*s + 186. Calculate the remainder when v(-3) is divided by 27.
21
Suppose 0 = -12*y + 70*y - 25810. Calculate the remainder when y is divided by 216.
13
Let i(u) = 12*u**2 + 3*u + 8. Suppose -8*b + 3 = 35. Calculate the remainder when i(b) is divided by 27.
26
Let l(u) = -3*u + 1. Let c be l(-3). Suppose 0 = c*k - 5*k. Let s(q) = q**3 - q + 11. Calculate the remainder when 31 is divided by s(k).
9
Let a be 5 + 2/(-2) + -2. Suppose -2*p + 2*y = -44, -2*y - a*y - 37 = -p. What is the remainder when 84 is divided by p?
16
Let s(d) = -d**2 + 5*d + 9. Suppose -4*q = -6*q + 8. Calculate the remainder when (-2)/13 - q/(-26) - -3 is divided by s(6).
0
Let x(h) = -h + 8. Let r be x(4). Suppose r*o - 68 = -8. Calculate the remainder when 67 is divided by o.
7
Let p(r) = r**2 - 29*r - 10. Suppose -11*l + 88 = -7*l. Let d be p(l). Let z = -18 - d. What is the remainder when z is divi